git of x?
6
What is the units digit of (-8)/(32/9022)*-2?
1
Suppose 18*d - 61220 = -2*d. What is the thousands digit of d?
3
What is the hundreds digit of (-952 - (-2 - -5))*-1?
9
Suppose -3*i = -2*i - 170. What is the units digit of i?
0
Let q be (-4)/12 - (1 + (-24)/(-9)). What is the units digit of 2/((-2)/1) - 592/q?
7
Let n = -161 - -105. Let w = 234 + n. What is the hundreds digit of w?
1
Let i = -18 - -49. Suppose 4*o - 3*d = -i, -4*d + 2 = 5*o + 33. What is the units digit of 3 + o + -6 + 49?
9
Let z = 9 - -144. What is the hundreds digit of z?
1
Let q = 105 - 42. Suppose -q = 2*t - 295. What is the tens digit of t?
1
Suppose 3*l + 292 + 213 = c, 3*l = -6. What is the tens digit of c?
9
Suppose 0*c + 3*c = 2*p - 10, 5*c + 5*p - 25 = 0. Suppose 4*t + 0 + 20 = a, -5*t + 10 = c. What is the units digit of a?
8
Let x(r) = -109*r + 15. What is the units digit of x(-4)?
1
What is the thousands digit of 2386*(-3)/36*-6?
1
Suppose 18*p - 10771 = 14*p - w, -5387 = -2*p + w. What is the tens digit of p?
9
What is the thousands digit of (-8)/(1/((-879)/6))?
1
Let c be 16/(-56) + 606/14. Let u = c - 19. What is the units digit of u?
4
Suppose h = -7*h + 440. What is the tens digit of (32/(-5))/((-11)/h)?
3
Suppose 9170 = 2*d + 12*d. What is the tens digit of d?
5
Suppose 2*h = 4, 3*k - 2*h - 6 - 206 = 0. Let c = -27 + k. What is the units digit of c?
5
Let t(p) be the first derivative of p**7/35 - p**6/180 + p**5/40 - p**4/24 - p**3 + 6. Let g(f) be the third derivative of t(f). What is the tens digit of g(1)?
2
Let g(q) = -q + 15. Let k be g(4). Suppose 0 = -2*x - 5*o + 197, k*x - 479 = 6*x + o. What is the tens digit of x?
9
Suppose -b - 45 = 31. Let i = -49 - b. What is the tens digit of i?
2
Suppose r - 2949 = -5*v, 2948 = -2*v + 7*v + 2*r. What is the hundreds digit of v?
5
Suppose -2*k = -m - 32, -9 - 47 = 2*m + 4*k. Let w = 72 + -15. Let l = m + w. What is the units digit of l?
7
Let b(p) = -p**3 + 6*p**2 + 6*p + 3. Let y be (20/(-70))/(1/(-35)). Suppose -5 - y = -3*u. What is the tens digit of b(u)?
5
Suppose -3744 = -3*l + 2904. What is the thousands digit of l?
2
Suppose 2*q + 4*k - 3 = 3*k, -3*k = -q + 5. What is the units digit of 36/9 - (-63 - q)?
9
Suppose 2*k - 14 = -0*k. Suppose -4*p + 20 = -2*p - 5*i, -4*i = -p + k. Let m = 24 - p. What is the units digit of m?
9
Let m = -60 - -54. What is the units digit of (m/(-10))/(1/45)?
7
What is the thousands digit of 1 + 67041/15 + (-165)/(-275)?
4
What is the units digit of (0 + 1)/(-8 + (-141078)/(-17634))?
9
Suppose -4*o + 843 = -3*d, 744 + 296 = 5*o - d. What is the units digit of o?
7
Let w be 18/(-12)*4/(-3). Let n(k) = -k**2 - k**3 + 13*k**w + 3*k + 3 - 13*k. What is the units digit of n(11)?
4
Let o = 54 - 50. Suppose 2*a = o, -b = 2*a - 15 - 30. What is the tens digit of b?
4
Suppose 7 = -p + 3*o, -4*o - 73 = -0*p + 5*p. Let u = p + 15. What is the units digit of 1/(3 - u) + 39?
0
Let u = -25 - -29. Let v = 28 + u. What is the tens digit of v?
3
Suppose -682 = 5*i - 167. Let q = 71 - i. What is the tens digit of q?
7
Let d = 75 + -73. What is the tens digit of 18 - (4 - 5 - d)?
2
Suppose 3*o = 2614 + 824. What is the tens digit of o?
4
Let h(b) = 2*b**2 - 6*b - 9*b + 5 + 11*b. Let c be h(2). Suppose c*a - 29 - 236 = 0. What is the units digit of a?
3
Let s(x) = 5*x + 11. Let j be 2/3 - 5/(-15). Let u(v) = -v. Let t(k) = j*s(k) + 6*u(k). What is the units digit of t(-8)?
9
What is the units digit of -2*235/20*-22 - -4?
1
Let l(q) = 217*q**2 + 12*q + 10. What is the hundreds digit of l(-1)?
2
Let h(t) = 11*t - 5 + 0 + 3. Suppose 0 = 64*w - 134 - 58. What is the tens digit of h(w)?
3
Let g(p) = -11*p**3 + p + 23. What is the units digit of g(-4)?
3
Suppose 6*y + 1140 = 4416. What is the hundreds digit of y?
5
Suppose -5*p + 0 = 5. What is the units digit of (-93)/p*10/3?
0
Let b = -26 - -26. Suppose b = m + 35 - 86. What is the tens digit of m?
5
Suppose 0 = -2*o - 2*m + m + 2235, -3*m - 1107 = -o. What is the tens digit of o?
1
What is the hundreds digit of 1069 + -35*6/(-42)?
0
Suppose 942 = 2*k + 4*u - 0*u, -4*k + 1854 = -2*u. Suppose -3*s = -5*z + k, z + s = 2*z - 93. What is the tens digit of z?
9
Let g(p) be the first derivative of 3*p**3 + p - 203. Let i = -6 + 8. What is the units digit of g(i)?
7
Let d = 6 - -6. Suppose y + 4*t = d, 3*t - 34 = -2*y + 5*t. What is the tens digit of y?
1
What is the hundreds digit of 0 + (-189 + 1)/(-1)?
1
Let x be (-1 - -1)/((1 - -10) + -10). Suppose 2*v - 11 = -5. Suppose x = 5*m + 5*t - 135, v*m - 5*t = 61 - 4. What is the units digit of m?
4
What is the units digit of (-2927 + -75)*(1 + -2 + 0)?
2
Let u be -12*((-30)/10 - (-15)/4). What is the tens digit of (-256)/(-16)*u/(-4)?
3
What is the thousands digit of (2/2)/(5/5580)?
1
Let b(d) = 559*d + 23. What is the thousands digit of b(4)?
2
Let c(t) = -t**3 - 3*t**2 - 2*t. Let v be c(-2). Let n(w) = w**3 + w**2 + w + 6. Let f be n(v). Suppose o + 160 = f*o. What is the units digit of o?
2
Let c be -54*3*3/6. Suppose -2*w = -15*w - 611. Let f = w - c. What is the units digit of f?
4
Let b = 270 - 172. What is the units digit of b?
8
Let c = -39 + 24. Let a = c + 19. What is the units digit of a?
4
Let p(n) = -2*n + 12. Let t be p(6). Let l = 13 + -8. Suppose l*c - 11*c + 198 = t. What is the units digit of c?
3
Let t = 24 + -32. Let h(w) = 3*w**2 + 8*w + 16. What is the units digit of h(t)?
4
Let p(z) = z**3 - 13*z**2 + 16*z - 13. Let s(a) = 2*a**3 - a**2 + a - 2. Let f be s(2). What is the tens digit of p(f)?
3
Let g = 188 - -806. What is the units digit of g?
4
Suppose -33*d = -25*d - 592. Let y = 42 + -12. Let o = d - y. What is the units digit of o?
4
Let s be 1/(6 + -3)*15. Let m = 27 + s. Let d = m - 2. What is the tens digit of d?
3
Suppose a = 1, 5*t - 988 = -2*a - 186. Suppose f + f = t. Suppose -g = -3*p + f, 0 = -2*p - g + 53 + 7. What is the tens digit of p?
2
Let o = -13 - -25. Let k(p) = 1. Let x(s) = -s + 7. Let v(g) = -3*k(g) - x(g). What is the units digit of v(o)?
2
Let g(z) = z**2 + 7*z - 18. Let m be g(5). Suppose -j + 75 = 7. Let w = j - m. What is the tens digit of w?
2
Let p be (-58)/(-4) - (-9)/(-18). Let q(g) = -p*g - 4*g**2 - 4 + 5*g**2 + 18. What is the units digit of q(13)?
1
Suppose -72 = -9*p - 0*p. Suppose 0 = p*z - 104 - 264. What is the units digit of z?
6
Let b(z) = z**3 - 1. Let x(w) = w**2 - 7*w + 7. Let u be x(6). Let o be b(u). Suppose -5*r + o = -115. What is the tens digit of r?
2
Let b be (1/(-3))/((-10)/(-2130)). Let q = 37 + b. Let s = 36 + q. What is the units digit of s?
2
Suppose j = -2*i + 36, 3*i - 2*j = -0*j + 54. Suppose 5*n = i*n - 1105. What is the tens digit of n?
8
Let k = -131 + 49. Let x = 140 + k. What is the units digit of x?
8
Let u(b) = -4*b**3 - 2*b**2 + 3*b + 2. Let k be u(-2). Let q = k + 0. What is the tens digit of q?
2
What is the units digit of 213/(87/(-10) - -9)?
0
Let y(g) = -12*g - 3. Suppose 5 + 25 = -5*x. Let u be -4 - 3/x*-2. What is the units digit of y(u)?
7
Let a(d) = -d**2 + 36*d + 11. Let w be a(31). Let n = 276 - w. What is the tens digit of n?
1
Let t(v) = -v**3 + 8*v**2 - 3*v - 23. Let d be t(7). Suppose -2*b - 76 = -s, -d*s - 66 + 381 = 3*b. What is the units digit of s?
6
Suppose -5*g - 7*i = -4*i - 1095, -2*i = 2*g - 434. Let t = g + -157. What is the units digit of t?
5
Let i be -2 + -1 + ((-72)/3)/(-6). Let b(w) = 63*w**2 + w. What is the units digit of b(i)?
4
Suppose -4*u = -9*u - 495. Let d = u + 202. What is the units digit of d?
3
Let l = -101 - -59. Let o = 102 + l. What is the tens digit of o?
6
Suppose 6*f - 4 = 4*f. Suppose f*g + g = 9. Suppose 5*r + 0*d = 4*d + 151, -g*r - 4*d + 97 = 0. What is the tens digit of r?
3
Let o(v) = v + 9. Let b be o(-4). Suppose 4*t = 2*r - 110, -7*r - b*t = -2*r - 245. Suppose -48 = -z + 5*q, -4*q + r = 3*z - 36. What is the tens digit of z?
3
Suppose -5*p - 4*c + 3*c - 110 = 0, 4*c = p + 22. Let l = -9 - p. Let x = -1 + l. What is the tens digit of x?
1
Let v(q) = 30*q**2 + 14*q - 14. What is the units digit of v(2)?
4
Let y be 14/105 + -2 + 84/45. Suppose 5*b = -2*w + 2*b + 256, y = 5*w + 2*b - 651. What is the units digit of w?
1
Let f(b) = 30*b - 2. Let j = 89 + -81. What is the units digit of f(j)?
8
Suppose 7245 = 29*h + 662. What is the hundreds digit of 